{"id":23,"date":"2010-11-10T15:26:31","date_gmt":"2010-11-10T14:26:31","guid":{"rendered":"http:\/\/ecoterrescop.fr\/wordpress\/?page_id=23"},"modified":"2011-12-27T13:46:20","modified_gmt":"2011-12-27T12:46:20","slug":"realisations","status":"publish","type":"page","link":"https:\/\/ecoterre-scop.fr\/?page_id=23","title":{"rendered":"Nos r\u00e9alisations"},"content":{"rendered":"<p>Nos r\u00e9alisations en construction neuve et r\u00e9novation t\u00e9moignent de nos savoir-faire techniques et de l\u2019entente avec nos clients. Il s\u2019agit autant de maisons de village, maisons individuelles, b\u00e2timents publics, am\u00e9nagements ext\u00e9rieurs construits dans le Gard et dans l\u2019H\u00e9rault.<\/p>\n","protected":false},"excerpt":{"rendered":"<p>Nos r\u00e9alisations en construction neuve et r\u00e9novation t\u00e9moignent de nos savoir-faire techniques et de l\u2019entente avec nos clients. Il s\u2019agit autant de maisons de village, maisons individuelles, b\u00e2timents publics, am\u00e9nagements ext\u00e9rieurs construits dans le Gard et dans l\u2019H\u00e9rault.<\/p>\n","protected":false},"author":2,"featured_media":0,"parent":0,"menu_order":0,"comment_status":"open","ping_status":"closed","template":"portfolio.php","meta":{"footnotes":""},"class_list":["post-23","page","type-page","status-publish","hentry"],"_links":{"self":[{"href":"https:\/\/ecoterre-scop.fr\/index.php?rest_route=\/wp\/v2\/pages\/23","targetHints":{"allow":["GET"]}}],"collection":[{"href":"https:\/\/ecoterre-scop.fr\/index.php?rest_route=\/wp\/v2\/pages"}],"about":[{"href":"https:\/\/ecoterre-scop.fr\/index.php?rest_route=\/wp\/v2\/types\/page"}],"author":[{"embeddable":true,"href":"https:\/\/ecoterre-scop.fr\/index.php?rest_route=\/wp\/v2\/users\/2"}],"replies":[{"embeddable":true,"href":"https:\/\/ecoterre-scop.fr\/index.php?rest_route=%2Fwp%2Fv2%2Fcomments&post=23"}],"version-history":[{"count":4,"href":"https:\/\/ecoterre-scop.fr\/index.php?rest_route=\/wp\/v2\/pages\/23\/revisions"}],"predecessor-version":[{"id":464,"href":"https:\/\/ecoterre-scop.fr\/index.php?rest_route=\/wp\/v2\/pages\/23\/revisions\/464"}],"wp:attachment":[{"href":"https:\/\/ecoterre-scop.fr\/index.php?rest_route=%2Fwp%2Fv2%2Fmedia&parent=23"}],"curies":[{"name":"wp","href":"https:\/\/api.w.org\/{rel}","templated":true}]}}