{"id":1246,"date":"2013-03-06T14:08:30","date_gmt":"2013-03-06T13:08:30","guid":{"rendered":"http:\/\/ecoterre-scop.fr\/?page_id=1246"},"modified":"2013-03-12T09:51:24","modified_gmt":"2013-03-12T08:51:24","slug":"les-enduits-a-la-chaux","status":"publish","type":"page","link":"https:\/\/ecoterre-scop.fr\/?page_id=1246","title":{"rendered":"Les enduits \u00e0 la chaux"},"content":{"rendered":"<p><strong><div class=\"two_third\"><\/strong><\/p>\n<h5><strong><\/strong><a href=\"http:\/\/ecoterre-scop.fr\/wp-content\/uploads\/2013\/03\/Fa\u00e7ade-Crumb-3.jpg\"><img loading=\"lazy\" decoding=\"async\" class=\"alignleft  wp-image-1883\" title=\"Fa\u00e7ade Crumb 3\" src=\"http:\/\/ecoterre-scop.fr\/wp-content\/uploads\/2013\/03\/Fa\u00e7ade-Crumb-3.jpg\" alt=\"\" width=\"559\" height=\"237\" srcset=\"https:\/\/ecoterre-scop.fr\/wp-content\/uploads\/2013\/03\/Fa\u00e7ade-Crumb-3.jpg 940w, https:\/\/ecoterre-scop.fr\/wp-content\/uploads\/2013\/03\/Fa\u00e7ade-Crumb-3-300x127.jpg 300w\" sizes=\"auto, (max-width: 559px) 100vw, 559px\" \/><\/a><strong><\/strong><\/h5>\n<h5><\/h5>\n<h5><\/h5>\n<h5><\/h5>\n<h5><\/h5>\n<h5><\/h5>\n<h5><\/h5>\n<h5><\/h5>\n<h5><\/h5>\n<h5>Le respect du patrimoine<\/h5>\n<p><span class=\"dropcap1\">N<\/span>ous r\u00e9alisons des enduits \u00e0 la chaux traditionnels en r\u00e9novation du b\u00e2ti ancien dans le respect du patrimoine b\u00e2ti.<\/p>\n<p>La chaux est en effet un des premiers liants utilis\u00e9s dans la construction, c\u2019est l\u2019\u00e9l\u00e9ment de base de la construction traditionnelle. Nous l\u2019utilisons \u00e9galement pour toute une gamme de finitions, enduits, badigeons et peinture. La chaux est m\u00e9lang\u00e9e \u00e0 divers agr\u00e9gats pour enduire les murs int\u00e9rieurs ou ext\u00e9rieurs, pour rejointoyer les pierres ou simplement m\u00e9lang\u00e9e \u00e0 de l\u2019eau pour r\u00e9aliser des badigeons.<\/p>\n<p>&nbsp;<\/p>\n<h6><strong>Les enduits ont deux fonctions principales\u00a0:<\/strong><\/h6>\n<p>&#8211;\u00a0\u00a0\u00a0\u00a0\u00a0\u00a0\u00a0\u00a0\u00a0 \u00a0Prot\u00e9ger et isoler la ma\u00e7onnerie contre l\u2019humidit\u00e9 et le vent (condensation, gel)<\/p>\n<p>&#8211;\u00a0\u00a0\u00a0\u00a0\u00a0\u00a0\u00a0\u00a0\u00a0 Pr\u00e9senter des surfaces en leur ajoutant une dimension d\u00e9corative en habillant des surfaces in\u00e9gales. L\u2019enduit et le badigeon participe aussi de l\u2019architecture en contribuant \u00e0 la composition.<\/p>\n<p>&nbsp;<\/p>\n<h6><strong>La mise en \u0153uvre<br \/>\n<\/strong><\/h6>\n<p>Les enduits \u00e0 la chaux s\u2019appliquent en deux ou trois couches selon s\u2019il faut cr\u00e9er de l\u2019accroche<\/p>\n<p>&#8211;\u00a0\u00a0\u00a0\u00a0\u00a0\u00a0\u00a0\u00a0\u00a0 La couche d\u2019accroche maigre,<\/p>\n<p>&#8211;\u00a0\u00a0\u00a0\u00a0\u00a0\u00a0\u00a0\u00a0\u00a0 La couche de d\u00e9grossisage, ou corps d\u2019enduit encore tr\u00e8s sablonneux,<\/p>\n<p>&#8211;\u00a0\u00a0\u00a0\u00a0\u00a0\u00a0\u00a0\u00a0\u00a0 La couche de finition, assez grasse<\/p>\n<p>&#8211;\u00a0\u00a0\u00a0\u00a0\u00a0\u00a0\u00a0\u00a0\u00a0 Et son traditionnel badigeon \u00e0 la chaux<\/p>\n<p>&nbsp;<\/p>\n<h6><strong>Des m\u00e9langes pr\u00e9par\u00e9s par nos soins<\/strong><\/h6>\n<p>Malgr\u00e9 la mise sur le march\u00e9 d\u2019un grand nombre de produits industriels pr\u00eats \u00e0 l\u2019emploi \u00e0 base de chaux, nous pr\u00e9f\u00e9rons faire nos m\u00e9langes nous-m\u00eames, \u00e0 partir de chaux a\u00e9riennes ou de chaux hydrauliques naturelles\u00a0 et de sable local. Le contenu exact des produits pr\u00eats \u00e0 l\u2019emploi est prot\u00e9g\u00e9, et l\u2019ajout de ciment et d\u2019adjuvants divers est certain. Aucun adjuvant n\u2019est n\u00e9cessaire pour les corps d\u2019enduits.<\/p>\n<p>&nbsp;<\/p>\n<h6><strong>Texture et couleurs<\/strong><\/h6>\n<p>Traditionnellement les enduits n\u2019\u00e9taient pas color\u00e9s dans la masse, mais recouvert d\u2019un lait de chaux ou badigeons appliqu\u00e9s \u00e0 la brosse en deux couches, color\u00e9s \u00e0 l\u2019aide d\u2019ocres ou de pigments naturels. Un certain nombre de village ont d\u00e9fini un nuancier de couleur pour les fa\u00e7ades, c\u2019est le cas de Sauve. Avant chaque chantier, nous r\u00e9alisons des \u00e9chantillons pour d\u00e9terminer les coloris exacts de fonds et des encadrements.<\/p>\n<p>Nous recommandons \u00e9galement le site de l\u2019architecte du patrimoine Luc Neples sp\u00e9cialiste des fa\u00e7ades \u00e0 la chaux\u00a0: <a href=\"http:\/\/www.patrimoine-facades.com\" target=\"_blank\">www.patrimoine-facades.com<\/a><\/p>\n<p><\/div><\/p>\n<h4>\u00a0<strong><div class=\"one_third last\"><\/strong>Publications<\/h4>\n<ul class=\"star_list\">\n<li>Technique et pratique de la Chaux, \u00e9d. Eyrolles, 2003 <\/li>\n<li>Les mat\u00e9riaux sains d\u2019int\u00e9rieurs, \u00e9d. Terre vivante, 2011 <\/li>\n<li>Revue Maisons paysannes de France (nombreux articles sur la chaux en restauration <\/li>\n<li>Delahousse Sol\u00e8ne, Le Tadelakt, un d\u00e9cor \u00e0 la chaux, Massin, 2008 <\/li><\/ul>\n<p>&nbsp;<\/p>\n<p>&nbsp;<\/p>\n<p><a href=\"http:\/\/ecoterre-scop.fr\/wp-content\/uploads\/2010\/12\/enduit-chaux-150.jpg\"><img loading=\"lazy\" decoding=\"async\" class=\"alignleft  wp-image-1017\" title=\"enduit-chaux-150\" src=\"http:\/\/ecoterre-scop.fr\/wp-content\/uploads\/2010\/12\/enduit-chaux-150.jpg\" alt=\"\" width=\"191\" height=\"187\" \/><\/a><\/p>\n<p>&nbsp;<\/p>\n<p>&nbsp;<\/p>\n<p>&nbsp;<\/p>\n<p>&nbsp;<\/p>\n<p>&nbsp;<\/p>\n<p><a href=\"http:\/\/ecoterre-scop.fr\/wp-content\/uploads\/2011\/01\/fa\u00e7ade-r\u00e9novation-4701.jpg\"><img loading=\"lazy\" decoding=\"async\" class=\"alignleft  wp-image-344\" title=\"fa\u00e7ade--r\u00e9novation-470\" src=\"http:\/\/ecoterre-scop.fr\/wp-content\/uploads\/2011\/01\/fa\u00e7ade-r\u00e9novation-4701-300x248.jpg\" alt=\"\" width=\"191\" height=\"154\" \/><\/a><\/p>\n<p>&nbsp;<\/p>\n<p>&nbsp;<\/p>\n<p>&nbsp;<\/p>\n<p>&nbsp;<\/p>\n<p><a href=\"http:\/\/ecoterre-scop.fr\/wp-content\/uploads\/2011\/01\/sebastien1.jpg\"><img loading=\"lazy\" decoding=\"async\" class=\"alignleft  wp-image-378\" title=\"sebastien\" src=\"http:\/\/ecoterre-scop.fr\/wp-content\/uploads\/2011\/01\/sebastien1-150x150.jpg\" alt=\"\" width=\"190\" height=\"190\" srcset=\"https:\/\/ecoterre-scop.fr\/wp-content\/uploads\/2011\/01\/sebastien1-150x150.jpg 150w, https:\/\/ecoterre-scop.fr\/wp-content\/uploads\/2011\/01\/sebastien1-300x300.jpg 300w, https:\/\/ecoterre-scop.fr\/wp-content\/uploads\/2011\/01\/sebastien1-1024x1024.jpg 1024w, https:\/\/ecoterre-scop.fr\/wp-content\/uploads\/2011\/01\/sebastien1.jpg 1577w\" sizes=\"auto, (max-width: 190px) 100vw, 190px\" \/><\/a><\/p>\n<p>&nbsp;<\/p>\n<p>&nbsp;<\/p>\n<p>&nbsp;<\/p>\n<p>&nbsp;<\/p>\n<p>&nbsp;<\/p>\n<p><a href=\"http:\/\/ecoterre-scop.fr\/wp-content\/uploads\/2013\/03\/Nuancier-enduit-chaux4.jpg\"><img loading=\"lazy\" decoding=\"async\" class=\"alignleft  wp-image-1725\" title=\"enduit 1\" src=\"http:\/\/ecoterre-scop.fr\/wp-content\/uploads\/2013\/03\/Nuancier-enduit-chaux4-150x150.jpg\" alt=\"\" width=\"190\" height=\"190\" \/><\/a><\/p>\n<p>&nbsp;<\/p>\n<p>&nbsp;<\/p>\n<p>&nbsp;<\/p>\n<p>&nbsp;<\/p>\n<p>&nbsp;<\/p>\n<p><a href=\"http:\/\/ecoterre-scop.fr\/wp-content\/uploads\/2013\/03\/Nuancier-enduit-chaux1.jpg\"><img loading=\"lazy\" decoding=\"async\" class=\"alignleft  wp-image-1724\" title=\"enduit 2\" src=\"http:\/\/ecoterre-scop.fr\/wp-content\/uploads\/2013\/03\/Nuancier-enduit-chaux1-150x150.jpg\" alt=\"\" width=\"188\" height=\"188\" \/><\/a><\/p>\n<p><\/div><\/p>\n","protected":false},"excerpt":{"rendered":"<p>\u00a0<\/p>\n","protected":false},"author":2,"featured_media":0,"parent":1248,"menu_order":0,"comment_status":"open","ping_status":"closed","template":"","meta":{"footnotes":""},"class_list":["post-1246","page","type-page","status-publish","hentry"],"_links":{"self":[{"href":"https:\/\/ecoterre-scop.fr\/index.php?rest_route=\/wp\/v2\/pages\/1246","targetHints":{"allow":["GET"]}}],"collection":[{"href":"https:\/\/ecoterre-scop.fr\/index.php?rest_route=\/wp\/v2\/pages"}],"about":[{"href":"https:\/\/ecoterre-scop.fr\/index.php?rest_route=\/wp\/v2\/types\/page"}],"author":[{"embeddable":true,"href":"https:\/\/ecoterre-scop.fr\/index.php?rest_route=\/wp\/v2\/users\/2"}],"replies":[{"embeddable":true,"href":"https:\/\/ecoterre-scop.fr\/index.php?rest_route=%2Fwp%2Fv2%2Fcomments&post=1246"}],"version-history":[{"count":15,"href":"https:\/\/ecoterre-scop.fr\/index.php?rest_route=\/wp\/v2\/pages\/1246\/revisions"}],"predecessor-version":[{"id":1902,"href":"https:\/\/ecoterre-scop.fr\/index.php?rest_route=\/wp\/v2\/pages\/1246\/revisions\/1902"}],"up":[{"embeddable":true,"href":"https:\/\/ecoterre-scop.fr\/index.php?rest_route=\/wp\/v2\/pages\/1248"}],"wp:attachment":[{"href":"https:\/\/ecoterre-scop.fr\/index.php?rest_route=%2Fwp%2Fv2%2Fmedia&parent=1246"}],"curies":[{"name":"wp","href":"https:\/\/api.w.org\/{rel}","templated":true}]}}